{"id":240,"date":"2025-01-13T12:25:59","date_gmt":"2025-01-13T12:25:59","guid":{"rendered":"https:\/\/nibe-modellbau.de\/?page_id=240"},"modified":"2025-01-13T12:27:18","modified_gmt":"2025-01-13T12:27:18","slug":"schiffsmodell-ausstattung","status":"publish","type":"page","link":"https:\/\/nibe-modellbau.de\/index.php\/schiffsmodell-ausstattung\/","title":{"rendered":"Schiffsmodell Ausstattung"},"content":{"rendered":"<p>Zuk\u00fcnftig wird s auch einiges an Zubeh\u00f6r f\u00fcr Schiffsmodelle geben.<\/p>\n<table style=\"border-collapse: collapse; width: 100%;\">\n<tbody>\n<tr>\n<td style=\"width: 32.1622%;\"><\/td>\n<td style=\"width: 4.05405%;\"><\/td>\n<td style=\"width: 31.4865%;\"><\/td>\n<td style=\"width: 8.91892%;\"><\/td>\n<td style=\"width: 36.2162%;\"><\/td>\n<\/tr>\n<tr>\n<td style=\"width: 32.1622%;\"><img loading=\"lazy\" decoding=\"async\" class=\"aligncenter wp-image-241 size-large\" src=\"https:\/\/nibe-modellbau.de\/wp-content\/uploads\/2025\/01\/IMG_20200428_172142-1024x578.jpg\" alt=\"\" width=\"640\" height=\"361\" srcset=\"https:\/\/nibe-modellbau.de\/wp-content\/uploads\/2025\/01\/IMG_20200428_172142-1024x578.jpg 1024w, https:\/\/nibe-modellbau.de\/wp-content\/uploads\/2025\/01\/IMG_20200428_172142-300x169.jpg 300w, https:\/\/nibe-modellbau.de\/wp-content\/uploads\/2025\/01\/IMG_20200428_172142-768x434.jpg 768w, https:\/\/nibe-modellbau.de\/wp-content\/uploads\/2025\/01\/IMG_20200428_172142-1536x867.jpg 1536w, https:\/\/nibe-modellbau.de\/wp-content\/uploads\/2025\/01\/IMG_20200428_172142-2048x1156.jpg 2048w\" sizes=\"auto, (max-width: 640px) 100vw, 640px\" \/><\/td>\n<td style=\"width: 4.05405%;\"><\/td>\n<td style=\"width: 31.4865%;\"><img loading=\"lazy\" decoding=\"async\" class=\"alignnone wp-image-242 size-large\" src=\"https:\/\/nibe-modellbau.de\/wp-content\/uploads\/2025\/01\/IMG_20200428_172310-1024x578.jpg\" alt=\"\" width=\"640\" height=\"361\" srcset=\"https:\/\/nibe-modellbau.de\/wp-content\/uploads\/2025\/01\/IMG_20200428_172310-1024x578.jpg 1024w, https:\/\/nibe-modellbau.de\/wp-content\/uploads\/2025\/01\/IMG_20200428_172310-300x169.jpg 300w, https:\/\/nibe-modellbau.de\/wp-content\/uploads\/2025\/01\/IMG_20200428_172310-768x434.jpg 768w, https:\/\/nibe-modellbau.de\/wp-content\/uploads\/2025\/01\/IMG_20200428_172310-1536x867.jpg 1536w, https:\/\/nibe-modellbau.de\/wp-content\/uploads\/2025\/01\/IMG_20200428_172310-2048x1156.jpg 2048w\" sizes=\"auto, (max-width: 640px) 100vw, 640px\" \/><\/td>\n<td style=\"width: 8.91892%;\"><\/td>\n<td style=\"width: 36.2162%;\"><\/td>\n<\/tr>\n<tr>\n<td style=\"width: 32.1622%; text-align: center;\">Doppelpoller<\/td>\n<td style=\"width: 4.05405%;\"><\/td>\n<td style=\"width: 31.4865%; text-align: center;\">Einzelpoller<\/td>\n<td style=\"width: 8.91892%;\"><\/td>\n<td style=\"width: 36.2162%;\"><\/td>\n<\/tr>\n<tr>\n<td style=\"width: 32.1622%;\"><\/td>\n<td style=\"width: 4.05405%;\"><\/td>\n<td style=\"width: 31.4865%;\"><\/td>\n<td style=\"width: 8.91892%;\"><\/td>\n<td style=\"width: 36.2162%;\"><\/td>\n<\/tr>\n<tr>\n<td style=\"width: 32.1622%;\"><\/td>\n<td style=\"width: 4.05405%;\"><\/td>\n<td style=\"width: 31.4865%;\"><\/td>\n<td style=\"width: 8.91892%;\"><\/td>\n<td style=\"width: 36.2162%;\"><\/td>\n<\/tr>\n<tr>\n<td style=\"width: 32.1622%;\"><\/td>\n<td style=\"width: 4.05405%;\"><\/td>\n<td style=\"width: 31.4865%;\"><\/td>\n<td style=\"width: 8.91892%;\"><\/td>\n<td style=\"width: 36.2162%;\"><\/td>\n<\/tr>\n<tr>\n<td style=\"width: 32.1622%;\"><\/td>\n<td style=\"width: 4.05405%;\"><\/td>\n<td style=\"width: 31.4865%;\"><\/td>\n<td style=\"width: 8.91892%;\"><\/td>\n<td style=\"width: 36.2162%;\"><\/td>\n<\/tr>\n<tr>\n<td style=\"width: 32.1622%;\"><\/td>\n<td style=\"width: 4.05405%;\"><\/td>\n<td style=\"width: 31.4865%;\"><\/td>\n<td style=\"width: 8.91892%;\"><\/td>\n<td style=\"width: 36.2162%;\"><\/td>\n<\/tr>\n<tr>\n<td style=\"width: 32.1622%;\"><\/td>\n<td style=\"width: 4.05405%;\"><\/td>\n<td style=\"width: 31.4865%;\"><\/td>\n<td style=\"width: 8.91892%;\"><\/td>\n<td style=\"width: 36.2162%;\"><\/td>\n<\/tr>\n<tr>\n<td style=\"width: 32.1622%;\"><\/td>\n<td style=\"width: 4.05405%;\"><\/td>\n<td style=\"width: 31.4865%;\"><\/td>\n<td style=\"width: 8.91892%;\"><\/td>\n<td style=\"width: 36.2162%;\"><\/td>\n<\/tr>\n<\/tbody>\n<\/table>\n","protected":false},"excerpt":{"rendered":"<p>Zuk\u00fcnftig wird s auch einiges an Zubeh\u00f6r f\u00fcr Schiffsmodelle geben. Doppelpoller Einzelpoller<\/p>\n","protected":false},"author":2,"featured_media":0,"parent":0,"menu_order":0,"comment_status":"closed","ping_status":"closed","template":"","meta":{"footnotes":""},"class_list":["post-240","page","type-page","status-publish","hentry"],"_links":{"self":[{"href":"https:\/\/nibe-modellbau.de\/index.php\/wp-json\/wp\/v2\/pages\/240","targetHints":{"allow":["GET"]}}],"collection":[{"href":"https:\/\/nibe-modellbau.de\/index.php\/wp-json\/wp\/v2\/pages"}],"about":[{"href":"https:\/\/nibe-modellbau.de\/index.php\/wp-json\/wp\/v2\/types\/page"}],"author":[{"embeddable":true,"href":"https:\/\/nibe-modellbau.de\/index.php\/wp-json\/wp\/v2\/users\/2"}],"replies":[{"embeddable":true,"href":"https:\/\/nibe-modellbau.de\/index.php\/wp-json\/wp\/v2\/comments?post=240"}],"version-history":[{"count":1,"href":"https:\/\/nibe-modellbau.de\/index.php\/wp-json\/wp\/v2\/pages\/240\/revisions"}],"predecessor-version":[{"id":244,"href":"https:\/\/nibe-modellbau.de\/index.php\/wp-json\/wp\/v2\/pages\/240\/revisions\/244"}],"wp:attachment":[{"href":"https:\/\/nibe-modellbau.de\/index.php\/wp-json\/wp\/v2\/media?parent=240"}],"curies":[{"name":"wp","href":"https:\/\/api.w.org\/{rel}","templated":true}]}}