{"id":250,"date":"2025-01-13T19:30:08","date_gmt":"2025-01-13T19:30:08","guid":{"rendered":"https:\/\/nibe-modellbau.de\/?page_id=250"},"modified":"2025-01-13T19:30:08","modified_gmt":"2025-01-13T19:30:08","slug":"kitzeberg","status":"publish","type":"page","link":"https:\/\/nibe-modellbau.de\/index.php\/kitzeberg\/","title":{"rendered":"Kitzeberg"},"content":{"rendered":"<p><strong>Hafen -und Seeschlepper sowie Passagierschiff &#8222;Kitzeberg&#8220;<\/strong><\/p>\n<p><img loading=\"lazy\" decoding=\"async\" class=\"alignnone wp-image-249\" src=\"https:\/\/nibe-modellbau.de\/wp-content\/uploads\/2025\/01\/Hafen-und-Seeschlepper-sowie-Passagierschiff-Kitzeberg.jpg\" alt=\"\" width=\"300\" height=\"225\" \/><\/p>\n<p>Ein Kombischiff als Hafen -und Seeschlepper sowie f\u00fcr die Passagierschifffahrt geeignet.<br \/>\nVon diesen Schiffstyp wurden 1990\/2 zwei St\u00fcck gebaut die Falkenstein sowie Kitzeberg und sind bei der Schlepp -und F\u00e4hrgesellschaft Kiel eingesetzt.<br \/>\nSie haben eine L\u00e4nge von 26,60m bei einer Breite von 9,20m und ein Tiefgang 3,15m. Der Antrieb erfolgt \u00fcber zwei Schottel mit je 990 PS, die zu einer Geschwindigkeit 11.5kn f\u00fchrt<br \/>\n. Das Modell ist so entwickelt, das der Handels\u00fcblicher Schottel eingesetzt werden kann welche man von der Firma HTP &#8211; Mot ehemals Marx-L\u00fcders sowie auch bei Graupner mit rechter und linker Schrauben zu erhalten sind. Die Schottelantriebe sind nicht im Bausatz enthalten. Die gro\u00dfe Kordd\u00fcse und Haltebock f\u00fcr den Schottel kann man als Zubeh\u00f6rteile bekommen<\/p>\n<p>Ma\u00dfstab: 1:33<br \/>\nL\u00e4nge: 81,3 cm<br \/>\nBreite: 29,5 cm<br \/>\nTiefgang : 9,7 cm<\/p>\n","protected":false},"excerpt":{"rendered":"<p>Hafen -und Seeschlepper sowie Passagierschiff &#8222;Kitzeberg&#8220; Ein Kombischiff als Hafen -und Seeschlepper sowie f\u00fcr die Passagierschifffahrt geeignet. Von diesen Schiffstyp wurden 1990\/2 zwei St\u00fcck gebaut die Falkenstein sowie Kitzeberg und sind bei der Schlepp -und F\u00e4hrgesellschaft Kiel eingesetzt. Sie haben eine L\u00e4nge von 26,60m bei einer Breite von 9,20m und ein Tiefgang 3,15m. Der Antrieb<\/p>\n<div class=\"more-link\">\n             <a href=\"https:\/\/nibe-modellbau.de\/index.php\/kitzeberg\/\" class=\"link-btn\"><span>Weiterlesen <\/span><i class=\"icofont-thin-double-right\"><\/i><\/a>\n        <\/div>\n","protected":false},"author":2,"featured_media":0,"parent":0,"menu_order":0,"comment_status":"closed","ping_status":"closed","template":"","meta":{"footnotes":""},"class_list":["post-250","page","type-page","status-publish","hentry"],"_links":{"self":[{"href":"https:\/\/nibe-modellbau.de\/index.php\/wp-json\/wp\/v2\/pages\/250","targetHints":{"allow":["GET"]}}],"collection":[{"href":"https:\/\/nibe-modellbau.de\/index.php\/wp-json\/wp\/v2\/pages"}],"about":[{"href":"https:\/\/nibe-modellbau.de\/index.php\/wp-json\/wp\/v2\/types\/page"}],"author":[{"embeddable":true,"href":"https:\/\/nibe-modellbau.de\/index.php\/wp-json\/wp\/v2\/users\/2"}],"replies":[{"embeddable":true,"href":"https:\/\/nibe-modellbau.de\/index.php\/wp-json\/wp\/v2\/comments?post=250"}],"version-history":[{"count":1,"href":"https:\/\/nibe-modellbau.de\/index.php\/wp-json\/wp\/v2\/pages\/250\/revisions"}],"predecessor-version":[{"id":252,"href":"https:\/\/nibe-modellbau.de\/index.php\/wp-json\/wp\/v2\/pages\/250\/revisions\/252"}],"wp:attachment":[{"href":"https:\/\/nibe-modellbau.de\/index.php\/wp-json\/wp\/v2\/media?parent=250"}],"curies":[{"name":"wp","href":"https:\/\/api.w.org\/{rel}","templated":true}]}}