{"id":260,"date":"2025-01-13T19:40:15","date_gmt":"2025-01-13T19:40:15","guid":{"rendered":"https:\/\/nibe-modellbau.de\/?page_id=260"},"modified":"2025-01-13T19:40:15","modified_gmt":"2025-01-13T19:40:15","slug":"hafenbarkasse","status":"publish","type":"page","link":"https:\/\/nibe-modellbau.de\/index.php\/hafenbarkasse\/","title":{"rendered":"Hafenbarkasse"},"content":{"rendered":"<p><strong>Hafenbarkasse<\/strong><\/p>\n<p><img loading=\"lazy\" decoding=\"async\" class=\"alignnone wp-image-261\" src=\"https:\/\/nibe-modellbau.de\/wp-content\/uploads\/2025\/01\/Hafenbarkasse.jpg\" alt=\"\" width=\"300\" height=\"225\" \/><\/p>\n<p>Bekannt ist die Damen Werft f\u00fcr den gro\u00df Serienbau, so werden von den Serienbauten R\u00fcmpfe mit Aufbauten ohne jeglichen Einbau in den Ostblockstaaten gefertigt und mit Frachtschiffen, Pontons oder von Schleppern nach Holland gebracht. Dort lagern sie, bis ein Auftraggeber gefunden wurde, der ein solches Schiff ben\u00f6tigt, hier bei werden die Aufbauten und Spezialausr\u00fcstungen ge\u00e4ndert und aufgebaut. Von der erteilung des Auftrag bis zur Ablieferung dauert h\u00f6chstens ein halbes Jahr. So wurde aus einen kleinen Hafenschlepper der urspr\u00fcnglich zwei Schrauben hat, eine Hafenbarkasse mit einer Schraube und Kortd\u00fcse. Von diesen Schiffstyp wurden 2003 zwei St\u00fcck gebaut f\u00fcr die Arabischen Emirate. Mit diesen Schiffen werden Arbeiter und weitere Personen zu Bohrinseln und Arbeitspontons bef\u00f6rdert. Nicht nur dieses kann man, auch damit Prams und Plattformen verbringen.<\/p>\n<p>Ma\u00dfstab: 1:20<br \/>\nOriginal<br \/>\nL\u00e4nge \u00fc.a.: 12,15m<br \/>\nBreite \u00fc.a.: 4,14m<br \/>\nTiefgang: 1,60m<\/p>\n","protected":false},"excerpt":{"rendered":"<p>Hafenbarkasse Bekannt ist die Damen Werft f\u00fcr den gro\u00df Serienbau, so werden von den Serienbauten R\u00fcmpfe mit Aufbauten ohne jeglichen Einbau in den Ostblockstaaten gefertigt und mit Frachtschiffen, Pontons oder von Schleppern nach Holland gebracht. Dort lagern sie, bis ein Auftraggeber gefunden wurde, der ein solches Schiff ben\u00f6tigt, hier bei werden die Aufbauten und Spezialausr\u00fcstungen<\/p>\n<div class=\"more-link\">\n             <a href=\"https:\/\/nibe-modellbau.de\/index.php\/hafenbarkasse\/\" class=\"link-btn\"><span>Weiterlesen <\/span><i class=\"icofont-thin-double-right\"><\/i><\/a>\n        <\/div>\n","protected":false},"author":2,"featured_media":0,"parent":0,"menu_order":0,"comment_status":"closed","ping_status":"closed","template":"","meta":{"footnotes":""},"class_list":["post-260","page","type-page","status-publish","hentry"],"_links":{"self":[{"href":"https:\/\/nibe-modellbau.de\/index.php\/wp-json\/wp\/v2\/pages\/260","targetHints":{"allow":["GET"]}}],"collection":[{"href":"https:\/\/nibe-modellbau.de\/index.php\/wp-json\/wp\/v2\/pages"}],"about":[{"href":"https:\/\/nibe-modellbau.de\/index.php\/wp-json\/wp\/v2\/types\/page"}],"author":[{"embeddable":true,"href":"https:\/\/nibe-modellbau.de\/index.php\/wp-json\/wp\/v2\/users\/2"}],"replies":[{"embeddable":true,"href":"https:\/\/nibe-modellbau.de\/index.php\/wp-json\/wp\/v2\/comments?post=260"}],"version-history":[{"count":1,"href":"https:\/\/nibe-modellbau.de\/index.php\/wp-json\/wp\/v2\/pages\/260\/revisions"}],"predecessor-version":[{"id":264,"href":"https:\/\/nibe-modellbau.de\/index.php\/wp-json\/wp\/v2\/pages\/260\/revisions\/264"}],"wp:attachment":[{"href":"https:\/\/nibe-modellbau.de\/index.php\/wp-json\/wp\/v2\/media?parent=260"}],"curies":[{"name":"wp","href":"https:\/\/api.w.org\/{rel}","templated":true}]}}