{"id":280,"date":"2025-01-13T20:07:17","date_gmt":"2025-01-13T20:07:17","guid":{"rendered":"https:\/\/nibe-modellbau.de\/?page_id=280"},"modified":"2025-01-13T20:10:05","modified_gmt":"2025-01-13T20:10:05","slug":"arbeitsboot-lumme","status":"publish","type":"page","link":"https:\/\/nibe-modellbau.de\/index.php\/arbeitsboot-lumme\/","title":{"rendered":"Arbeitsboot &#8222;Lumme&#8220;"},"content":{"rendered":"<p><strong>Arbeitsboot &#8222;Lumme&#8220;<\/strong><\/p>\n<p><img loading=\"lazy\" decoding=\"async\" class=\"alignnone wp-image-117\" src=\"https:\/\/nibe-modellbau.de\/wp-content\/uploads\/2025\/01\/Arbeitsboot-Lumme.jpg\" alt=\"\" width=\"300\" height=\"267\" \/><\/p>\n<p>Von diesen Schiffstyp wurden 1995 zwei St\u00fcck auf einer norddeutschen Werft gebaut. Sie waren aber nicht baugleich, da die Einsatzgebiete verschieden sind. Die Lumme ist auf Helgoland beheimatet, verrichtet dort Arbeiten an Hafen- und Strandanlagen. Die Geschwindigkeit betr\u00e4gt 9,45 kn, der Motor hat eine Leistung von 171 KW.<br \/>\nMa\u00dfstab: 1:25<br \/>\nOriginal<br \/>\nL\u00e4nge: 14,88 m<br \/>\nBreite: 4,5 m<br \/>\nTiefgang: 1,30 m<\/p>\n<p><b>Preis auf Anfrage<\/b><\/p>\n<p><b>Lieferzeit in Kl\u00e4rung<\/b><\/p>\n","protected":false},"excerpt":{"rendered":"<p>Arbeitsboot &#8222;Lumme&#8220; Von diesen Schiffstyp wurden 1995 zwei St\u00fcck auf einer norddeutschen Werft gebaut. Sie waren aber nicht baugleich, da die Einsatzgebiete verschieden sind. Die Lumme ist auf Helgoland beheimatet, verrichtet dort Arbeiten an Hafen- und Strandanlagen. Die Geschwindigkeit betr\u00e4gt 9,45 kn, der Motor hat eine Leistung von 171 KW. Ma\u00dfstab: 1:25 Original L\u00e4nge: 14,88<\/p>\n<div class=\"more-link\">\n             <a href=\"https:\/\/nibe-modellbau.de\/index.php\/arbeitsboot-lumme\/\" class=\"link-btn\"><span>Weiterlesen <\/span><i class=\"icofont-thin-double-right\"><\/i><\/a>\n        <\/div>\n","protected":false},"author":2,"featured_media":0,"parent":0,"menu_order":0,"comment_status":"closed","ping_status":"closed","template":"","meta":{"footnotes":""},"class_list":["post-280","page","type-page","status-publish","hentry"],"_links":{"self":[{"href":"https:\/\/nibe-modellbau.de\/index.php\/wp-json\/wp\/v2\/pages\/280","targetHints":{"allow":["GET"]}}],"collection":[{"href":"https:\/\/nibe-modellbau.de\/index.php\/wp-json\/wp\/v2\/pages"}],"about":[{"href":"https:\/\/nibe-modellbau.de\/index.php\/wp-json\/wp\/v2\/types\/page"}],"author":[{"embeddable":true,"href":"https:\/\/nibe-modellbau.de\/index.php\/wp-json\/wp\/v2\/users\/2"}],"replies":[{"embeddable":true,"href":"https:\/\/nibe-modellbau.de\/index.php\/wp-json\/wp\/v2\/comments?post=280"}],"version-history":[{"count":1,"href":"https:\/\/nibe-modellbau.de\/index.php\/wp-json\/wp\/v2\/pages\/280\/revisions"}],"predecessor-version":[{"id":282,"href":"https:\/\/nibe-modellbau.de\/index.php\/wp-json\/wp\/v2\/pages\/280\/revisions\/282"}],"wp:attachment":[{"href":"https:\/\/nibe-modellbau.de\/index.php\/wp-json\/wp\/v2\/media?parent=280"}],"curies":[{"name":"wp","href":"https:\/\/api.w.org\/{rel}","templated":true}]}}