{"id":337,"date":"2025-01-13T20:49:35","date_gmt":"2025-01-13T20:49:35","guid":{"rendered":"https:\/\/nibe-modellbau.de\/?page_id=337"},"modified":"2025-01-13T20:49:35","modified_gmt":"2025-01-13T20:49:35","slug":"polizeiboot-habicht","status":"publish","type":"page","link":"https:\/\/nibe-modellbau.de\/index.php\/polizeiboot-habicht\/","title":{"rendered":"Polizeiboot Habicht"},"content":{"rendered":"<p><strong>Polizeiboot Habicht<\/strong><\/p>\n<p><img loading=\"lazy\" decoding=\"async\" class=\"alignnone wp-image-129\" src=\"https:\/\/nibe-modellbau.de\/wp-content\/uploads\/2025\/01\/Polizeiboot-Habicht.jpg\" alt=\"\" width=\"300\" height=\"200\" \/><\/p>\n<table id=\"tablepress-738\" class=\"tablepress tablepress-id-738\">\n<tbody class=\"row-striping row-hover\">\n<tr class=\"row-31\">\n<td class=\"column-2\">Um 2010 \u00fcberlegte sich das WSP Direktion Schleswig Holstein sich neue Streifenboote anzuschaffen.<br \/>\nDen Zuschlag erhielt die finnische Marine Werft Alutech .<br \/>\nDer Auftrag bestand aus vier Booten, die, die Namen Habicht, Warder, Vosbrook und Schwansen bekommen habe.<br \/>\nDie Boote wurden nach der Fertigstellung mit Tiefladern auf den Landweg nach Deutschland geliefert,<br \/>\nmit einen Autokran der mindestens 8,5 to heben kann, zu Wasser gelassen.<br \/>\nDer Habicht wurde am 7. M\u00e4rz 2012 zu Wasser gelassen und getauft. Der Antrieb erfolgt \u00fcber zwei Volvomotore mit je 273 Kw dadurch erreicht man eine H\u00f6chstgeschwindigkeit von Knoten. Am Heck befindet sich eine Bergeplattform, von der verschiedene Arbeiten vorgenommen werden kann.<br \/>\nMa\u00dfstab: 1:20<br \/>\nOriginal-L\u00e4nge: 12,0m<br \/>\nBreite: 3,40m<br \/>\nTiefgang: 1,0m<\/td>\n<\/tr>\n<\/tbody>\n<\/table>\n<p><b>Preis auf Anfrage<\/b><\/p>\n<p><b>Lieferzeit in Kl\u00e4rung<\/b><\/p>\n","protected":false},"excerpt":{"rendered":"<p>Polizeiboot Habicht Um 2010 \u00fcberlegte sich das WSP Direktion Schleswig Holstein sich neue Streifenboote anzuschaffen. Den Zuschlag erhielt die finnische Marine Werft Alutech . Der Auftrag bestand aus vier Booten, die, die Namen Habicht, Warder, Vosbrook und Schwansen bekommen habe. Die Boote wurden nach der Fertigstellung mit Tiefladern auf den Landweg nach Deutschland geliefert, mit<\/p>\n<div class=\"more-link\">\n             <a href=\"https:\/\/nibe-modellbau.de\/index.php\/polizeiboot-habicht\/\" class=\"link-btn\"><span>Weiterlesen <\/span><i class=\"icofont-thin-double-right\"><\/i><\/a>\n        <\/div>\n","protected":false},"author":2,"featured_media":0,"parent":0,"menu_order":0,"comment_status":"closed","ping_status":"closed","template":"","meta":{"footnotes":""},"class_list":["post-337","page","type-page","status-publish","hentry"],"_links":{"self":[{"href":"https:\/\/nibe-modellbau.de\/index.php\/wp-json\/wp\/v2\/pages\/337","targetHints":{"allow":["GET"]}}],"collection":[{"href":"https:\/\/nibe-modellbau.de\/index.php\/wp-json\/wp\/v2\/pages"}],"about":[{"href":"https:\/\/nibe-modellbau.de\/index.php\/wp-json\/wp\/v2\/types\/page"}],"author":[{"embeddable":true,"href":"https:\/\/nibe-modellbau.de\/index.php\/wp-json\/wp\/v2\/users\/2"}],"replies":[{"embeddable":true,"href":"https:\/\/nibe-modellbau.de\/index.php\/wp-json\/wp\/v2\/comments?post=337"}],"version-history":[{"count":1,"href":"https:\/\/nibe-modellbau.de\/index.php\/wp-json\/wp\/v2\/pages\/337\/revisions"}],"predecessor-version":[{"id":339,"href":"https:\/\/nibe-modellbau.de\/index.php\/wp-json\/wp\/v2\/pages\/337\/revisions\/339"}],"wp:attachment":[{"href":"https:\/\/nibe-modellbau.de\/index.php\/wp-json\/wp\/v2\/media?parent=337"}],"curies":[{"name":"wp","href":"https:\/\/api.w.org\/{rel}","templated":true}]}}