{"id":346,"date":"2025-01-13T20:54:06","date_gmt":"2025-01-13T20:54:06","guid":{"rendered":"https:\/\/nibe-modellbau.de\/?page_id=346"},"modified":"2025-01-13T20:54:06","modified_gmt":"2025-01-13T20:54:06","slug":"hafenschlepper-wels","status":"publish","type":"page","link":"https:\/\/nibe-modellbau.de\/index.php\/hafenschlepper-wels\/","title":{"rendered":"Hafenschlepper Wels"},"content":{"rendered":"<p><strong>Hafenschlepper Wels<\/strong><\/p>\n<p><img loading=\"lazy\" decoding=\"async\" class=\"alignnone size-full wp-image-347\" src=\"https:\/\/nibe-modellbau.de\/wp-content\/uploads\/2025\/01\/Hafenschlepper-Wels.jpg\" alt=\"\" width=\"200\" height=\"133\" \/><\/p>\n<table id=\"tablepress-738\" class=\"tablepress tablepress-id-738\">\n<tbody class=\"row-striping row-hover\">\n<tr class=\"row-33\">\n<td class=\"column-2\">Der Schlepper wurde 1972 auf der Oelkers Werft Hamburg f\u00fcr das Schifffahrts &#8211; uns Speditionskontor Elbe Kurzzeichen S&amp;S Elbe gebaut,<br \/>\nund als Schubschiff f\u00fcr Getreideheber eingesetzt.<br \/>\nDiese waren mit einer Saugeinrichtung ausgestattet, die Wasserseitig die Ladungen l\u00f6schten konnten.<br \/>\nNach dem das Kontor geschlossen wurde, wurde das Schiff kurze Zeit als bei Carl Robert Eckmann unter den Namen PATRIK eingesetzt.<br \/>\nAnschlie\u00dfend wurde er nach Holland an Hebo Maritimservice BV verkauf und erhielt den Namen CATHARINA 3.<br \/>\nDas Fahrgebiet waren die Wasserstra\u00dfen der holl\u00e4ndischen Tiefebene.<br \/>\nDazu wurde das vordere Deckhaus vergr\u00f6\u00dfert um eine K\u00fccheneinrichtung unter zu bringen. Darunter wurde ein Raum geschaffen in der 8 Kojen Platz fanden.<br \/>\nSo wurde das Schiff auch als Freizeitschiff genutzt, was in Holland oft der Fall ist.<br \/>\nEs wurden einige Ver\u00e4nderungen vor genommen, wie ein hydraulischer Ladekran &#8211; 2 Koppelwinden &#8211; 1 Ankerwinde und einen Radar neu Installiert.<br \/>\nNach ende einer 20 j\u00e4hrigen erfolgreichen Fahrzeit wurde das Schiff erneut verkauft und landete 2012 wieder in Hamburg beim Schleppkontor Meyros und erhielt den Namen KARIN.<br \/>\nMa\u00dfstab: 1:25<br \/>\nOriginal L\u00e4nge: 17,0m<br \/>\nBreite: 5,60m<br \/>\nTiefgang hinten: 2,60m<br \/>\nMotorleistung: 410PS<\/td>\n<\/tr>\n<\/tbody>\n<\/table>\n<p><b>Preis auf Anfrage<\/b><\/p>\n<p><b>Lieferzeit in Kl\u00e4rung<\/b><\/p>\n","protected":false},"excerpt":{"rendered":"<p>Hafenschlepper Wels Der Schlepper wurde 1972 auf der Oelkers Werft Hamburg f\u00fcr das Schifffahrts &#8211; uns Speditionskontor Elbe Kurzzeichen S&amp;S Elbe gebaut, und als Schubschiff f\u00fcr Getreideheber eingesetzt. Diese waren mit einer Saugeinrichtung ausgestattet, die Wasserseitig die Ladungen l\u00f6schten konnten. Nach dem das Kontor geschlossen wurde, wurde das Schiff kurze Zeit als bei Carl Robert<\/p>\n<div class=\"more-link\">\n             <a href=\"https:\/\/nibe-modellbau.de\/index.php\/hafenschlepper-wels\/\" class=\"link-btn\"><span>Weiterlesen <\/span><i class=\"icofont-thin-double-right\"><\/i><\/a>\n        <\/div>\n","protected":false},"author":2,"featured_media":0,"parent":0,"menu_order":0,"comment_status":"closed","ping_status":"closed","template":"","meta":{"footnotes":""},"class_list":["post-346","page","type-page","status-publish","hentry"],"_links":{"self":[{"href":"https:\/\/nibe-modellbau.de\/index.php\/wp-json\/wp\/v2\/pages\/346","targetHints":{"allow":["GET"]}}],"collection":[{"href":"https:\/\/nibe-modellbau.de\/index.php\/wp-json\/wp\/v2\/pages"}],"about":[{"href":"https:\/\/nibe-modellbau.de\/index.php\/wp-json\/wp\/v2\/types\/page"}],"author":[{"embeddable":true,"href":"https:\/\/nibe-modellbau.de\/index.php\/wp-json\/wp\/v2\/users\/2"}],"replies":[{"embeddable":true,"href":"https:\/\/nibe-modellbau.de\/index.php\/wp-json\/wp\/v2\/comments?post=346"}],"version-history":[{"count":2,"href":"https:\/\/nibe-modellbau.de\/index.php\/wp-json\/wp\/v2\/pages\/346\/revisions"}],"predecessor-version":[{"id":352,"href":"https:\/\/nibe-modellbau.de\/index.php\/wp-json\/wp\/v2\/pages\/346\/revisions\/352"}],"wp:attachment":[{"href":"https:\/\/nibe-modellbau.de\/index.php\/wp-json\/wp\/v2\/media?parent=346"}],"curies":[{"name":"wp","href":"https:\/\/api.w.org\/{rel}","templated":true}]}}