{"id":417,"date":"2025-01-15T20:21:43","date_gmt":"2025-01-15T20:21:43","guid":{"rendered":"https:\/\/nibe-modellbau.de\/?page_id=417"},"modified":"2025-01-15T20:23:21","modified_gmt":"2025-01-15T20:23:21","slug":"monopol-motorschlepper-m387","status":"publish","type":"page","link":"https:\/\/nibe-modellbau.de\/index.php\/monopol-motorschlepper-m387\/","title":{"rendered":"Monopol Motorschlepper &#8222;M387&#8220;"},"content":{"rendered":"<p><strong>Monopol Motorschlepper &#8222;M387&#8220;<\/strong><\/p>\n<p><img loading=\"lazy\" decoding=\"async\" class=\"alignnone wp-image-416\" src=\"https:\/\/nibe-modellbau.de\/wp-content\/uploads\/2025\/01\/Monopol-Motorschlepper-M387.jpg\" alt=\"\" width=\"300\" height=\"200\" \/><\/p>\n<p>Als um 1910 die ersten Leichter gebaut wurden, mussten auch diese verbacht werden. So bildeten sich die ersten staatlichen Schleppergesellschaft \u00fcberwiegend am Rhein. Waren es erst Dampfschlepper so kamen ende der 20er die ersten Motorschlepper in den Dienst. Gebaut wurden diese Schlepper in gro\u00dfe Zahl auf den verschiedensten Werften, nach einheitlichen Pl\u00e4nen, mit geringen Abweichungen. Ende der 30er endete diese \u00c4ra durch die Privatisierung der Schlepper. So l\u00f6sten sich die staatlichen Gesellschaften auf. Die Schlepper wurden verkauft oder, die zu alten, verschrottet. M 387 kam 1930 in das Schleppsamt Duisburg, der Verbleib ist nicht bekannt.<br \/>\nMa\u00dfstab: 1:25<br \/>\nL\u00e4nge: 89,7 cm<br \/>\nBreite: 23,1 cm<br \/>\nTiefgang: 6,5 cm<\/p>\n<p><b>Preis auf Anfrage<\/b><\/p>\n<p><b>Lieferzeit in Kl\u00e4rung<\/b><\/p>\n","protected":false},"excerpt":{"rendered":"<p>Monopol Motorschlepper &#8222;M387&#8220; Als um 1910 die ersten Leichter gebaut wurden, mussten auch diese verbacht werden. So bildeten sich die ersten staatlichen Schleppergesellschaft \u00fcberwiegend am Rhein. Waren es erst Dampfschlepper so kamen ende der 20er die ersten Motorschlepper in den Dienst. Gebaut wurden diese Schlepper in gro\u00dfe Zahl auf den verschiedensten Werften, nach einheitlichen Pl\u00e4nen,<\/p>\n<div class=\"more-link\">\n             <a href=\"https:\/\/nibe-modellbau.de\/index.php\/monopol-motorschlepper-m387\/\" class=\"link-btn\"><span>Weiterlesen <\/span><i class=\"icofont-thin-double-right\"><\/i><\/a>\n        <\/div>\n","protected":false},"author":2,"featured_media":0,"parent":0,"menu_order":0,"comment_status":"closed","ping_status":"closed","template":"","meta":{"footnotes":""},"class_list":["post-417","page","type-page","status-publish","hentry"],"_links":{"self":[{"href":"https:\/\/nibe-modellbau.de\/index.php\/wp-json\/wp\/v2\/pages\/417","targetHints":{"allow":["GET"]}}],"collection":[{"href":"https:\/\/nibe-modellbau.de\/index.php\/wp-json\/wp\/v2\/pages"}],"about":[{"href":"https:\/\/nibe-modellbau.de\/index.php\/wp-json\/wp\/v2\/types\/page"}],"author":[{"embeddable":true,"href":"https:\/\/nibe-modellbau.de\/index.php\/wp-json\/wp\/v2\/users\/2"}],"replies":[{"embeddable":true,"href":"https:\/\/nibe-modellbau.de\/index.php\/wp-json\/wp\/v2\/comments?post=417"}],"version-history":[{"count":1,"href":"https:\/\/nibe-modellbau.de\/index.php\/wp-json\/wp\/v2\/pages\/417\/revisions"}],"predecessor-version":[{"id":419,"href":"https:\/\/nibe-modellbau.de\/index.php\/wp-json\/wp\/v2\/pages\/417\/revisions\/419"}],"wp:attachment":[{"href":"https:\/\/nibe-modellbau.de\/index.php\/wp-json\/wp\/v2\/media?parent=417"}],"curies":[{"name":"wp","href":"https:\/\/api.w.org\/{rel}","templated":true}]}}