{"id":479,"date":"2025-04-12T18:56:22","date_gmt":"2025-04-12T18:56:22","guid":{"rendered":"https:\/\/nibe-modellbau.de\/?page_id=479"},"modified":"2026-01-09T07:02:29","modified_gmt":"2026-01-09T07:02:29","slug":"messen-ausstellungen","status":"publish","type":"page","link":"https:\/\/nibe-modellbau.de\/index.php\/messen-ausstellungen\/","title":{"rendered":"Messen &#038; Ausstellungen"},"content":{"rendered":"<p>Auch in 2026 werden wir wieder auf einigen Veranstaltungen und Messen zu finden sein. Ihr k\u00f6nnt uns auf folgenden Veranstaltungen antreffen und mit uns ins Gespr\u00e4ch kommen.<br \/>\nWir k\u00f6nnen eure zuvor get\u00e4tigten &amp; bezahlten Bestellungen ebenfalls mitbringen und euch versandkostenfrei \u00fcbergeben. Bedenkt bitte eine entsprechend fr\u00fchzeitige Bestellung aufgrund der Vorbestellzeiten.<\/p>\n<table style=\"border-collapse: collapse; width: 100%; height: 226px;\">\n<tbody>\n<tr style=\"height: 24px;\">\n<td style=\"width: 27.0577%; height: 24px;\"><span style=\"font-size: 14pt;\">19.04.2026<\/span><\/td>\n<td style=\"width: 2.22829%; height: 24px;\"><\/td>\n<td style=\"width: 70.7139%; height: 24px;\"><span style=\"font-size: 14pt;\">Treffen der Modellsegler beim SMC Warendorf e.V.<\/span><\/td>\n<\/tr>\n<tr style=\"height: 24px;\">\n<td style=\"width: 27.0577%; height: 24px;\"><span style=\"font-size: 14pt;\">01.05. &#8211; 02.05.2026<\/span><\/td>\n<td style=\"width: 2.22829%; height: 24px;\"><\/td>\n<td style=\"width: 70.7139%; height: 24px;\"><span style=\"font-size: 14pt;\">Schaufahren des SMC Waltrop e.V.<\/span><\/td>\n<\/tr>\n<tr style=\"height: 24px;\">\n<td style=\"width: 27.0577%; height: 24px;\"><span style=\"font-size: 14pt;\">14.05. &#8211; 17.05.2026<\/span><\/td>\n<td style=\"width: 2.22829%; height: 24px;\"><\/td>\n<td style=\"width: 70.7139%; height: 24px;\"><span style=\"font-size: 14pt;\">Schaufahren der Vaargroep Groningen<\/span><\/td>\n<\/tr>\n<tr style=\"height: 24px;\">\n<td style=\"width: 27.0577%; height: 24px;\"><span style=\"font-size: 14pt;\">06.06. &#8211; 07.06.2026<\/span><\/td>\n<td style=\"width: 2.22829%; height: 24px;\"><\/td>\n<td style=\"width: 70.7139%; height: 24px;\"><span style=\"font-size: 14pt;\">Schaufahren MBG Greven-Emsdetten<\/span><\/td>\n<\/tr>\n<tr style=\"height: 24px;\">\n<td style=\"width: 27.0577%; height: 24px;\"><span style=\"font-size: 14pt;\">14.06.2026<\/span><\/td>\n<td style=\"width: 2.22829%; height: 24px;\"><\/td>\n<td style=\"width: 70.7139%; height: 24px;\"><span style=\"font-size: 14pt;\">Schaufahren des SMC Graftschaft Bentheim<\/span><\/td>\n<\/tr>\n<tr style=\"height: 24px;\">\n<td style=\"width: 27.0577%; height: 24px;\"><span style=\"font-size: 14pt;\">28.06.2026<\/span><\/td>\n<td style=\"width: 2.22829%; height: 24px;\"><\/td>\n<td style=\"width: 70.7139%; height: 24px;\"><span style=\"font-size: 14pt;\">Schaufahren des SMC Ibbenb\u00fcren e.V.<\/span><\/td>\n<\/tr>\n<tr style=\"height: 24px;\">\n<td style=\"width: 27.0577%; height: 24px;\"><span style=\"font-size: 14pt;\">18.07.2026<\/span><\/td>\n<td style=\"width: 2.22829%; height: 24px;\"><\/td>\n<td style=\"width: 70.7139%; height: 24px;\"><span style=\"font-size: 14pt;\">\u00a0Treffen der Funktionsmodelle beim SMC Warendorf e.V.<\/span><\/td>\n<\/tr>\n<tr style=\"height: 24px;\">\n<td style=\"width: 27.0577%; height: 24px;\"><span style=\"font-size: 14pt;\">08.08. &#8211; 09.08.2026<\/span><\/td>\n<td style=\"width: 2.22829%; height: 24px;\"><\/td>\n<td style=\"width: 70.7139%; height: 24px;\"><span style=\"font-size: 14pt;\">Schaufahren MSK-St.Peter<\/span><\/td>\n<\/tr>\n<tr>\n<td style=\"width: 27.0577%;\"><span style=\"font-size: 14pt;\">12.09.2026<\/span><\/td>\n<td style=\"width: 2.22829%;\"><\/td>\n<td style=\"width: 70.7139%;\"><span style=\"font-size: 14pt;\">Schaufahren SMF H\u00fccker Moor e.V<\/span><\/td>\n<\/tr>\n<tr style=\"height: 24px;\">\n<td style=\"width: 27.0577%; height: 10px;\"><span style=\"font-size: 14pt;\">27.09.2026<\/span><\/td>\n<td style=\"width: 2.22829%; height: 10px;\"><\/td>\n<td style=\"width: 70.7139%; height: 10px;\"><span style=\"font-size: 14pt;\">Schaufahren des MSC Sperver<\/span><\/td>\n<\/tr>\n<tr style=\"height: 24px;\">\n<td style=\"width: 27.0577%; height: 24px;\"><span style=\"font-size: 14pt;\">17.08.2026<\/span><\/td>\n<td style=\"width: 2.22829%; height: 24px;\"><\/td>\n<td style=\"width: 70.7139%; height: 24px;\"><span style=\"font-size: 14pt;\">Sommerfest 2025 SMV Neuss<\/span><\/td>\n<\/tr>\n<tr>\n<td style=\"width: 27.0577%;\"><span style=\"font-size: 14pt;\">\u00a0<\/span><\/td>\n<td style=\"width: 2.22829%;\"><\/td>\n<td style=\"width: 70.7139%; text-align: right;\"><span style=\"font-size: 8pt;\">Alle Veranstaltungsangaben ohne Gew\u00e4hr!\u00a0 \u00a0<\/span><\/td>\n<\/tr>\n<\/tbody>\n<\/table>\n<p>NEU ab 2026!!<\/p>\n<p>Durch unsere \u00dcbernahme des <a href=\"http:\/\/www.modellbau-kaufhaus.de\">Modellbau-Kaufhauses<\/a> zum 01.01.2026 werden wir auch diese Teile mit auf den Messen haben.<\/p>\n","protected":false},"excerpt":{"rendered":"<p>Auch in 2026 werden wir wieder auf einigen Veranstaltungen und Messen zu finden sein. Ihr k\u00f6nnt uns auf folgenden Veranstaltungen antreffen und mit uns ins Gespr\u00e4ch kommen. Wir k\u00f6nnen eure zuvor get\u00e4tigten &amp; bezahlten Bestellungen ebenfalls mitbringen und euch versandkostenfrei \u00fcbergeben. Bedenkt bitte eine entsprechend fr\u00fchzeitige Bestellung aufgrund der Vorbestellzeiten. 19.04.2026 Treffen der Modellsegler beim<\/p>\n<div class=\"more-link\">\n             <a href=\"https:\/\/nibe-modellbau.de\/index.php\/messen-ausstellungen\/\" class=\"link-btn\"><span>Weiterlesen <\/span><i class=\"icofont-thin-double-right\"><\/i><\/a>\n        <\/div>\n","protected":false},"author":1,"featured_media":0,"parent":0,"menu_order":0,"comment_status":"closed","ping_status":"closed","template":"","meta":{"footnotes":""},"class_list":["post-479","page","type-page","status-publish","hentry"],"_links":{"self":[{"href":"https:\/\/nibe-modellbau.de\/index.php\/wp-json\/wp\/v2\/pages\/479","targetHints":{"allow":["GET"]}}],"collection":[{"href":"https:\/\/nibe-modellbau.de\/index.php\/wp-json\/wp\/v2\/pages"}],"about":[{"href":"https:\/\/nibe-modellbau.de\/index.php\/wp-json\/wp\/v2\/types\/page"}],"author":[{"embeddable":true,"href":"https:\/\/nibe-modellbau.de\/index.php\/wp-json\/wp\/v2\/users\/1"}],"replies":[{"embeddable":true,"href":"https:\/\/nibe-modellbau.de\/index.php\/wp-json\/wp\/v2\/comments?post=479"}],"version-history":[{"count":10,"href":"https:\/\/nibe-modellbau.de\/index.php\/wp-json\/wp\/v2\/pages\/479\/revisions"}],"predecessor-version":[{"id":548,"href":"https:\/\/nibe-modellbau.de\/index.php\/wp-json\/wp\/v2\/pages\/479\/revisions\/548"}],"wp:attachment":[{"href":"https:\/\/nibe-modellbau.de\/index.php\/wp-json\/wp\/v2\/media?parent=479"}],"curies":[{"name":"wp","href":"https:\/\/api.w.org\/{rel}","templated":true}]}}

<p>Auch in 2026 werden wir wieder auf einigen Veranstaltungen und Messen zu finden sein. Ihr könnt uns auf folgenden Veranstaltungen antreffen und mit uns ins Gespräch kommen.<br />
Wir können eure zuvor getätigten &amp; bezahlten Bestellungen ebenfalls mitbringen und euch versandkostenfrei übergeben. Bedenkt bitte eine entsprechend frühzeitige Bestellung aufgrund der Vorbestellzeiten.</p>
<table style="border-collapse: collapse; width: 100%; height: 226px;">
<tbody>
<tr style="height: 24px;">
<td style="width: 27.0577%; height: 24px;"><span style="font-size: 14pt;">19.04.2026</span></td>
<td style="width: 2.22829%; height: 24px;"></td>
<td style="width: 70.7139%; height: 24px;"><span style="font-size: 14pt;">Treffen der Modellsegler beim SMC Warendorf e.V.</span></td>
</tr>
<tr style="height: 24px;">
<td style="width: 27.0577%; height: 24px;"><span style="font-size: 14pt;">01.05. &#8211; 02.05.2026</span></td>
<td style="width: 2.22829%; height: 24px;"></td>
<td style="width: 70.7139%; height: 24px;"><span style="font-size: 14pt;">Schaufahren des SMC Waltrop e.V.</span></td>
</tr>
<tr style="height: 24px;">
<td style="width: 27.0577%; height: 24px;"><span style="font-size: 14pt;">14.05. &#8211; 17.05.2026</span></td>
<td style="width: 2.22829%; height: 24px;"></td>
<td style="width: 70.7139%; height: 24px;"><span style="font-size: 14pt;">Schaufahren der Vaargroep Groningen</span></td>
</tr>
<tr style="height: 24px;">
<td style="width: 27.0577%; height: 24px;"><span style="font-size: 14pt;">06.06. &#8211; 07.06.2026</span></td>
<td style="width: 2.22829%; height: 24px;"></td>
<td style="width: 70.7139%; height: 24px;"><span style="font-size: 14pt;">Schaufahren MBG Greven-Emsdetten</span></td>
</tr>
<tr style="height: 24px;">
<td style="width: 27.0577%; height: 24px;"><span style="font-size: 14pt;">14.06.2026</span></td>
<td style="width: 2.22829%; height: 24px;"></td>
<td style="width: 70.7139%; height: 24px;"><span style="font-size: 14pt;">Schaufahren des SMC Graftschaft Bentheim</span></td>
</tr>
<tr style="height: 24px;">
<td style="width: 27.0577%; height: 24px;"><span style="font-size: 14pt;">28.06.2026</span></td>
<td style="width: 2.22829%; height: 24px;"></td>
<td style="width: 70.7139%; height: 24px;"><span style="font-size: 14pt;">Schaufahren des SMC Ibbenbüren e.V.</span></td>
</tr>
<tr style="height: 24px;">
<td style="width: 27.0577%; height: 24px;"><span style="font-size: 14pt;">18.07.2026</span></td>
<td style="width: 2.22829%; height: 24px;"></td>
<td style="width: 70.7139%; height: 24px;"><span style="font-size: 14pt;"> Treffen der Funktionsmodelle beim SMC Warendorf e.V.</span></td>
</tr>
<tr style="height: 24px;">
<td style="width: 27.0577%; height: 24px;"><span style="font-size: 14pt;">08.08. &#8211; 09.08.2026</span></td>
<td style="width: 2.22829%; height: 24px;"></td>
<td style="width: 70.7139%; height: 24px;"><span style="font-size: 14pt;">Schaufahren MSK-St.Peter</span></td>
</tr>
<tr>
<td style="width: 27.0577%;"><span style="font-size: 14pt;">12.09.2026</span></td>
<td style="width: 2.22829%;"></td>
<td style="width: 70.7139%;"><span style="font-size: 14pt;">Schaufahren SMF Hücker Moor e.V</span></td>
</tr>
<tr style="height: 24px;">
<td style="width: 27.0577%; height: 10px;"><span style="font-size: 14pt;">27.09.2026</span></td>
<td style="width: 2.22829%; height: 10px;"></td>
<td style="width: 70.7139%; height: 10px;"><span style="font-size: 14pt;">Schaufahren des MSC Sperver</span></td>
</tr>
<tr style="height: 24px;">
<td style="width: 27.0577%; height: 24px;"><span style="font-size: 14pt;">17.08.2026</span></td>
<td style="width: 2.22829%; height: 24px;"></td>
<td style="width: 70.7139%; height: 24px;"><span style="font-size: 14pt;">Sommerfest 2025 SMV Neuss</span></td>
</tr>
<tr>
<td style="width: 27.0577%;"><span style="font-size: 14pt;"> </span></td>
<td style="width: 2.22829%;"></td>
<td style="width: 70.7139%; text-align: right;"><span style="font-size: 8pt;">Alle Veranstaltungsangaben ohne Gewähr!   </span></td>
</tr>
</tbody>
</table>
<p>NEU ab 2026!!</p>
<p>Durch unsere Übernahme des <a href="http://www.modellbau-kaufhaus.de">Modellbau-Kaufhauses</a> zum 01.01.2026 werden wir auch diese Teile mit auf den Messen haben.</p>

<p>Auch in 2026 werden wir wieder auf einigen Veranstaltungen und Messen zu finden sein. Ihr könnt uns auf folgenden Veranstaltungen antreffen und mit uns ins Gespräch kommen. Wir können eure zuvor getätigten &amp; bezahlten Bestellungen ebenfalls mitbringen und euch versandkostenfrei übergeben. Bedenkt bitte eine entsprechend frühzeitige Bestellung aufgrund der Vorbestellzeiten. 19.04.2026 Treffen der Modellsegler beim</p>
<div class="more-link">
             <a href="https://nibe-modellbau.de/index.php/messen-ausstellungen/" class="link-btn"><span>Weiterlesen </span><i class="icofont-thin-double-right"></i></a>
        </div>
