{"id":65,"date":"2025-01-02T12:52:44","date_gmt":"2025-01-02T12:52:44","guid":{"rendered":"https:\/\/nibe-modellbau.de\/?page_id=65"},"modified":"2025-04-24T21:07:11","modified_gmt":"2025-04-24T21:07:11","slug":"fischereiaufsicht-narwal","status":"publish","type":"page","link":"https:\/\/nibe-modellbau.de\/index.php\/fischereiaufsicht-narwal\/","title":{"rendered":"Narwal"},"content":{"rendered":"<table id=\"tablepress-738\" class=\"tablepress tablepress-id-738\">\n<tbody class=\"row-striping row-hover\">\n<tr class=\"row-2\">\n<td class=\"column-1\"><span style=\"font-size: 14pt;\"><strong>Narwal Fischereiaufsicht<\/strong><\/span><\/td>\n<\/tr>\n<\/tbody>\n<\/table>\n<p><a href=\"https:\/\/nibe-modellbau.de\/index.php\/narwal-bilder\/\"><img loading=\"lazy\" decoding=\"async\" class=\"alignnone wp-image-82\" src=\"https:\/\/nibe-modellbau.de\/wp-content\/uploads\/2025\/01\/Fischereiaufsicht-Narwal.jpg\" alt=\"Fischereiaufsichtsboot Narwal, Modell, Fischerei, Narwal\" width=\"300\" height=\"203\" \/><\/a><\/p>\n<table id=\"tablepress-738\" class=\"tablepress tablepress-id-738\">\n<tbody class=\"row-striping row-hover\">\n<tr class=\"row-2\">\n<td class=\"column-2\"><span style=\"font-size: 14pt;\">Auf einer Norddeutschenwerft wurde 1998 das Fischereiaufsichtsboot in Dienst gestellt. Es handelt sich hierbei um in Spezialschiff das auf den Deta-Rumpf des Rettungskreuzer Typ Rudolf Meyer gebaut wurde. Auch der Aufbau wurde teilweise mit \u00fcbernommen. Das Staatliche Fischereiamt Bremerhaven vergab diesen Auftrag, das Schiff liegt in Cuxhaven. Mit zwei MTU- Diesel mit 1680 kW erreicht das Schiff ein Geschwindigkeit von 21 kn. Einsatzgebiet ist die Deutsche Bucht, hier werden die einzelnen Fischereifahrzeuge \u00fcber pr\u00fcft auf Fanggenehmigung, Maschengr\u00f6\u00dfe und Fangquoten.<\/span><\/p>\n<p><span style=\"font-size: 14pt;\">Ma\u00dfstab: 1:25<\/span><br \/>\n<span style=\"font-size: 14pt;\">L\u00e4nge: 23,60m<\/span><br \/>\n<span style=\"font-size: 14pt;\">Breite: 6,00 m<\/span><br \/>\n<span style=\"font-size: 14pt;\">Tiefgang : 1,53m<\/span><\/td>\n<\/tr>\n<\/tbody>\n<\/table>\n<p><span style=\"font-size: 14pt;\"><b>Preis auf Anfrage<\/b><\/span><\/p>\n<p><span style=\"font-size: 14pt;\"><b>Lieferbar: Auf Anfrage<\/b><\/span><\/p>\n","protected":false},"excerpt":{"rendered":"<p>Narwal Fischereiaufsicht Auf einer Norddeutschenwerft wurde 1998 das Fischereiaufsichtsboot in Dienst gestellt. Es handelt sich hierbei um in Spezialschiff das auf den Deta-Rumpf des Rettungskreuzer Typ Rudolf Meyer gebaut wurde. Auch der Aufbau wurde teilweise mit \u00fcbernommen. Das Staatliche Fischereiamt Bremerhaven vergab diesen Auftrag, das Schiff liegt in Cuxhaven. Mit zwei MTU- Diesel mit 1680<\/p>\n<div class=\"more-link\">\n             <a href=\"https:\/\/nibe-modellbau.de\/index.php\/fischereiaufsicht-narwal\/\" class=\"link-btn\"><span>Weiterlesen <\/span><i class=\"icofont-thin-double-right\"><\/i><\/a>\n        <\/div>\n","protected":false},"author":2,"featured_media":0,"parent":0,"menu_order":0,"comment_status":"closed","ping_status":"closed","template":"","meta":{"footnotes":""},"class_list":["post-65","page","type-page","status-publish","hentry"],"_links":{"self":[{"href":"https:\/\/nibe-modellbau.de\/index.php\/wp-json\/wp\/v2\/pages\/65","targetHints":{"allow":["GET"]}}],"collection":[{"href":"https:\/\/nibe-modellbau.de\/index.php\/wp-json\/wp\/v2\/pages"}],"about":[{"href":"https:\/\/nibe-modellbau.de\/index.php\/wp-json\/wp\/v2\/types\/page"}],"author":[{"embeddable":true,"href":"https:\/\/nibe-modellbau.de\/index.php\/wp-json\/wp\/v2\/users\/2"}],"replies":[{"embeddable":true,"href":"https:\/\/nibe-modellbau.de\/index.php\/wp-json\/wp\/v2\/comments?post=65"}],"version-history":[{"count":13,"href":"https:\/\/nibe-modellbau.de\/index.php\/wp-json\/wp\/v2\/pages\/65\/revisions"}],"predecessor-version":[{"id":494,"href":"https:\/\/nibe-modellbau.de\/index.php\/wp-json\/wp\/v2\/pages\/65\/revisions\/494"}],"wp:attachment":[{"href":"https:\/\/nibe-modellbau.de\/index.php\/wp-json\/wp\/v2\/media?parent=65"}],"curies":[{"name":"wp","href":"https:\/\/api.w.org\/{rel}","templated":true}]}}